divided by 15?
13
Calculate the remainder when 109 is divided by 13.
5
Calculate the remainder when 388 is divided by 136.
116
What is the remainder when 2396 is divided by 22?
20
What is the remainder when 1530 is divided by 256?
250
Calculate the remainder when 346 is divided by 79.
30
Calculate the remainder when 640 is divided by 12.
4
Calculate the remainder when 1255 is divided by 74.
71
What is the remainder when 288 is divided by 102?
84
Calculate the remainder when 124 is divided by 36.
16
What is the remainder when 5966 is divided by 259?
9
What is the remainder when 1800 is divided by 22?
18
Calculate the remainder when 362 is divided by 191.
171
What is the remainder when 1816 is divided by 38?
30
Calculate the remainder when 2130 is divided by 65.
50
Calculate the remainder when 759 is divided by 99.
66
Calculate the remainder when 1347 is divided by 340.
327
Calculate the remainder when 151 is divided by 47.
10
Calculate the remainder when 18 is divided by 15.
3
Calculate the remainder when 8115 is divided by 2703.
6
What is the remainder when 336 is divided by 85?
81
What is the remainder when 576 is divided by 54?
36
Calculate the remainder when 542 is divided by 270.
2
What is the remainder when 221 is divided by 30?
11
Calculate the remainder when 3420 is divided by 7.
4
What is the remainder when 1963 is divided by 485?
23
What is the remainder when 135 is divided by 35?
30
What is the remainder when 196 is divided by 69?
58
Calculate the remainder when 200 is divided by 27.
11
Calculate the remainder when 153 is divided by 10.
3
What is the remainder when 311 is divided by 3?
2
What is the remainder when 612 is divided by 345?
267
Calculate the remainder when 763 is divided by 17.
15
Calculate the remainder when 898 is divided by 20.
18
Calculate the remainder when 207 is divided by 44.
31
What is the remainder when 75 is divided by 6?
3
Calculate the remainder when 1263 is divided by 8.
7
Calculate the remainder when 190 is divided by 38.
0
What is the remainder when 20 is divided by 4?
0
What is the remainder when 190 is divided by 96?
94
What is the remainder when 555 is divided by 40?
35
Calculate the remainder when 548 is divided by 177.
17
Calculate the remainder when 69 is divided by 37.
32
Calculate the remainder when 557 is divided by 11.
7
What is the remainder when 2840 is divided by 49?
47
Calculate the remainder when 833 is divided by 147.
98
Calculate the remainder when 220 is divided by 20.
0
What is the remainder when 705 is divided by 336?
33
What is the remainder when 40857 is divided by 45?
42
Calculate the remainder when 2498 is divided by 37.
19
What is the remainder when 132 is divided by 45?
42
Calculate the remainder when 517 is divided by 10.
7
What is the remainder when 512 is divided by 178?
156
Calculate the remainder when 1185 is divided by 44.
41
Calculate the remainder when 445 is divided by 114.
103
Calculate the remainder when 1434 is divided by 33.
15
What is the remainder when 530 is divided by 52?
10
What is the remainder when 112 is divided by 42?
28
Calculate the remainder when 167 is divided by 8.
7
What is the remainder when 1322 is divided by 419?
65
What is the remainder when 467 is divided by 7?
5
What is the remainder when 35 is divided by 18?
17
Calculate the remainder when 414 is divided by 35.
29
What is the remainder when 2206 is divided by 245?
1
What is the remainder when 194 is divided by 93?
8
Calculate the remainder when 441 is divided by 237.
204
What is the remainder when 234 is divided by 14?
10
What is the remainder when 357 is divided by 128?
101
Calculate the remainder when 364 is divided by 177.
10
What is the remainder when 262 is divided by 39?
28
Calculate the remainder when 831 is divided by 47.
32
Calculate the remainder when 8574 is divided by 35.
34
What is the remainder when 26043 is divided by 68?
67
Calculate the remainder when 799 is divided by 50.
49
What is the remainder when 240 is divided by 51?
36
What is the remainder when 3402 is divided by 46?
44
What is the remainder when 1341 is divided by 21?
18
Calculate the remainder when 936 is divided by 5.
1
Calculate the remainder when 415 is divided by 16.
15
What is the remainder when 2897 is divided by 69?
68
Calculate the remainder when 678 is divided by 135.
3
What is the remainder when 2174 is divided by 157?
133
Calculate the remainder when 6404 is divided by 13.
8
What is the remainder when 45 is divided by 16?
13
Calculate the remainder when 1361 is divided by 66.
41
Calculate the remainder when 123 is divided by 61.
1
Calculate the remainder when 161 is divided by 22.
7
What is the remainder when 7496 is divided by 119?
118
What is the remainder when 219 is divided by 21?
9
What is the remainder when 209 is divided by 46?
25
What is the remainder when 11824 is divided by 215?
214
What is the remainder when 35 is divided by 12?
11
Calculate the remainder when 378 is divided by 231.
147
Calculate the remainder when 284 is divided by 132.
20
What is the remainder when 120 is divided by 34?
18
What is the remainder when 1522 is divided by 191?
185
What is the remainder when 195 is divided by 9?
6
Calculate the remainder when 1173 is divided by 98.
95
Calculate the remainder when 860 is divided by 36.
32
Calculate the remainder when 117 is divided by 97.
20
What is the remainder when 1055 is divided by 1031?
24
Calculate the remainder when 209 is divided by 30.
29
What is the remainder when 16824 is divided by 47?
45
What is the remainder when 724 is divided by 61?
53
Calculate the remainder when 1517 is divided by 550.
417
Calculate the remainder when 11656 is divided by 29.
27
Calculate the remainder when 587 is divided by 33.
26
Calculate the remainder when 1360 is divided by 452.
4
What is the remainder when 63 is divided by 17?
12
Calculate the remainder when 27 is divided by 16.
11
Calculate the remainder when 6556 is divided by 193.
187
What is the remainder when 1722 is divided by 23?
20
Calculate the remainder when 964 is divided by 947.
17
What is the remainder when 885 is divided by 24?
21
Calculate the remainder when 536 is divided by 124.
40
What is the remainder when 114 is divided by 40?
34
What is the remainder when 423 is divided by 5?
3
Calculate the remainder when 35 is divided by 31.
4
Calculate the remainder when 1301 is divided by 8.
5
Calculate the remainder when 384 is divided by 65.
59
What is the remainder when 339 is divided by 34?
33
Calculate the remainder when 127 is divided by 67.
60
What is the remainder when 151 is divided by 58?
35
What is the remainder when 207 is divided by 103?
1
Calculate the remainder when 248 is divided by 95.
58
Calculate the remainder when 5123 is divided by 19.
12
Calculate the remainder when 366 is divided by 148.
70
What is the remainder when 15 is divided by 6?
3
What is the remainder when 603 is divided by 121?
119
Calculate the remainder when 293 is divided by 135.
23
What is the remainder when 177 is divided by 85?
7
Calculate the remainder when 47 is divided by 29.
18
Calculate the remainder when 422 is divided by 47.
46
Calculate the remainder when 5782 is divided by 5779.
3
Calculate the remainder when 5020 is divided by 186.
184
Calculate the remainder when 77 is divided by 16.
13
What is the remainder when 82 is divided by 42?
40
Calculate the remainder when 240 is divided by 45.
15
Calculate the remainder when 854 is divided by 427.
0
Calculate the remainder when 216 is divided by 38.
26
Calculate the remainder when 598 is divided by 555.
43
What is the remainder when 270 is divided by 97?
76
What is the remainder when 2000 is divided by 91?
89
Calculate the remainder when 477 is divided by 15.
12
Calculate the remainder when 301 is divided by 103.
95
Calculate the remainder when 1103 is divided by 48.
47
What is the remainder when 3874 is divided by 1932?
10
What is the remainder when 1063 is divided by 210?
13
What is the remainder when 1319 is divided by 44?
43
Calculate the remainder when 82 is divided by 19.
6
Calculate the remainder when 334 is divided by 21.
19
What is the remainder when 917 is divided by 10?
7
What is the remainder when 88 is divided by 44?
0
What is the remainder when 143 is divided by 30?
23
What 